61) - -37.
-50
Evaluate (-29 - 46) + 55 - -75.
55
What is the value of 49 + 30 + -26 - (6 + 11)?
36
Calculate -71 + (65 - 12) + 101.
83
Evaluate -6 - (5 + -3) - (3 + 2 + -7 + 17).
-23
(-4 - 6) + 16 + 10 + -10
6
Evaluate (7 - (-38 + 87)) + 46.
4
24 + -49 + 21 - -14
10
Evaluate -60 + (48 - (61 + -60)).
-13
What is the value of (28 - 0) + (-84 - (-8 - 65))?
17
Evaluate 58 - ((31 - 16 - 6) + 3).
46
What is 903 + -978 + (-7 - 0) + 5?
-77
Evaluate (13 + -5 - -12) + -2 + 8 + 3.
29
Calculate -3 - 17 - (15 + (10 + -17 - 14)) - 82.
-96
27 + (-2 - 12 - 12) + (-26 - -2)
-23
78 - (4 + 0 + (-397 - -413))
58
(-56 - 55) + 24 - (3 - -4)
-94
Evaluate (-563 - -652) + -83 + 1.
7
Evaluate (4180 - 4203) + (0 - -14).
-9
What is the value of 12 + -62 - -117 - (2 + -18)?
83
Evaluate -65 + (91 - 17) + -12.
-3
Evaluate -132 + -1 + (-24667 - -24701).
-99
Evaluate -54 - (25 - 83) - (-6 + 3 + 5 + 13).
-11
What is 6 + 9 + (-5 - -28) + 5 + -7?
36
-66 + 7 + (-63 - -81)
-41
Evaluate (38 - (-8 - -26)) + -2 - 32.
-14
Evaluate 55 + -19 + -13 + 15 + -66.
-28
What is (69 - (101 - 31)) + (-3 - (3 - -21))?
-28
-21 - -40 - (10 + -13 + -51)
73
Evaluate (4 - (20 - (-1 - -8))) + 12 + 46 + 9.
58
What is 2 + (1 - 16 - (-33 - (-25 - 3)) - -8)?
0
Calculate (-68 - (23 + -35 + 12)) + -25.
-93
Evaluate -8 + (8 - (6 - 8) - 15 - -10) + 2.
-1
What is 11 + -25 - 0 - -9 - (-2 - -8)?
-11
(29 - (74 - (52 + -18))) + (0 - 1) + -75
-87
Evaluate 0 + 13 + (-19 - 12 - 89) - 7.
-114
(2151 - 2075) + -6 + -107
-37
Evaluate (-6 + (7 - 8) - -16) + (4 - -10 - 11).
12
What is the value of 24 + -1 + 3 - (136 - 145)?
35
Calculate (4 - -35) + -38 + -8.
-7
(4 - 56 - 4) + (42 - (-122 + 170))
-62
-300 - -382 - (-16 + 18 + (0 - 0) - 0)
80
Evaluate (28 - 59) + 84 + -43.
10
What is 12 + 0 + (-8 - -12) - (-279 + 270)?
25
29 + -120 - (-28 + -7) - (-6 - -3)
-53
Evaluate (-16 - (9 - 19)) + -23 + -5.
-34
What is -79 - (1 + -11 + (-2684 - -2739))?
-124
Evaluate -1590 + 1576 - (3 - ((0 - (3 - 7)) + 79)).
66
Evaluate 46 + -1 + (-102 - -103) + -20.
26
Calculate 43 + (-19 - 21) + 5 - (-24 - 0).
32
10 + (67 - (3 + -17 + 14) - 8)
69
What is 8 - 12 - -6 - 14 - -2 - (29 - -1)?
-40
What is the value of 8 + -2 - (3 + (14 - 10) + 13)?
-14
Evaluate 48 + 41 + -174 + 50.
-35
What is 94 + -123 + -7 + 7 + 16 + 111?
98
What is (7 - (-12 + 11) - 107 - 9) + -3?
-111
15 + -14 - (-5 + 7 + (1 - -6))
-8
(-5 - -26) + 0 - (1 + (-7 - -11))
16
What is 64 + -76 + 86 + -25?
49
What is the value of 35 + 13 + -130 + 61?
-21
Calculate 127 + (-22 + -118 - 12).
-25
What is the value of -173 + 163 + (81 - (8 + (-11 - -3)))?
71
What is -45 - (-18 + (38 - 86))?
21
Evaluate (150 - 46) + -33 + -10 + -6.
55
-24 + (-91 - (-2 - (63 + -22)))
-72
What is the value of 5 + (1 - 1 - (-15 + (8 - 3))) - 1?
14
What is -15 + 104 + -24 - (-2 + 3 - (-7 + 0))?
57
What is the value of (-115 - (-35 + (6 - -13))) + 0?
-99
What is the value of (-3 - -13) + -196 + 149?
-37
Calculate -6 + -22 + -1 + (15 - 6) - (-2 - -10).
-28
Evaluate 20 - 3 - 37 - (19 - 9).
-30
What is -7 - (46 + -42 + -22 + (-88 - 0))?
99
Calculate -84 - -29 - -117 - 9.
53
Evaluate (-80 + 55 - (-71 + 9)) + 7.
44
-2 + (3 - -10) + -309 + 322 + 0 + 27
51
What is the value of -3 + (-6 - 40) + (-54 - -68)?
-35
Calculate -23 + 43 + -4 - 5 - (34 + -4).
-19
What is the value of -11 + 1 + (3 - 8 - (-54 + -13)) - -5?
57
What is 14 + 10 + -26 + (0 - (-11 - 0)) - -7?
16
What is the value of 25 + -1 - (-7553 + 7506)?
71
What is -21 + 23 + -6 - (42 + (7 - 11))?
-42
Calculate 40 + 11 + 38 + -13 - 29.
47
What is the value of -60 - -20 - -33 - ((2 - 3) + (-2 - 5))?
1
Evaluate (-14 - (-10 + 1 + 12 + -10)) + 69.
62
Calculate -58 - ((-35 - -24) + 16 + -7).
-56
Calculate -39 + 19 + 19 + -14.
-15
What is the value of (5 + 6 - 28) + (-13 - -23) + -5?
-12
Calculate (11 - (-59 + 13 + -1 + 14)) + -9 + -1.
34
81 + 6 + -13 - (-2 - (-2 + 7 + -12))
69
What is the value of 6 - (-2 - -4) - (9 + -10) - -3?
8
46 + -2 - (892 + -874) - 91
-65
What is the value of (26 - (21 - ((7 - 35) + 9))) + (-71 - -1)?
-84
What is the value of (-16 - (4 + (-18 - (17 - 22)))) + 23?
16
What is the value of 63 - 42 - ((-10 - -5 - 3) + 15)?
14
-12 - ((-1 - 9) + 46 + (-48 - -35))
-35
Calculate (-1 - 3) + ((-23 - 18) + 19 - -5).
-21
What is the value of 5 - (177 - (-111 - -180))?
-103
Calculate 14 + 256 + -251 + (-5 - 2).
12
What is the value of (-39 - (-9 + -3)) + (-52 - -34)?
-45
What is (1 - -21) + -8 + -59 + 44?
-1
-48 + (124 - (-39 - -88))
27
Evaluate 1 + (14 - 1 - (390 - 400 - (0 - 17))).
7
(-38 - -1) + -415 + 410 + (3 - -6)
-33
-6 - (140 - 47) - -46
-53
Evaluate 135 + 20 + (-42 - 38).
75
What is the value of -39 - (-147 + -40 + 41) - 6?
101
Calculate 2 - (0 + 66) - (-130 - (-23 + -121)).
-78
What is -1 + -10 - (0 - (0 + 1)) - (-1480 - -1379)?
91
What is the value of 10 + (-7 - 43) + 13 + (-22 - -5)?
-44
Evaluate 16 + (3 + -13 - 7) - 6.
-7
Calculate (30 - 68) + -86 + 138.
14
What is the value of 1 - -9 - (193 - (262 - -49))?
128
What is the value of 3 + -12 + (-12 + -75 - -97) + -41 + 0?
-40
Evaluate -51 + (50 - (24 + 1) - 29 - -2).
-53
What is -2 + 24 - (17 + 0 + -1 - 22)?
28
-14 - (58 - 36 - 13 - (38 - 0))
15
What is 18 + -9 + -29 + (-24 - -13)?
-31
Calculate -23 + 13 + 24 + -3 + (32 - -1).
44
What is the value of (8 - -39) + -17 + (71 - 24)?
77
What is -19 + (-9 - 0 - -30) - (-39 - (-3 + 7))?
45
Evaluate -18 + 17 - (7 + 3 + -22).
11
Calculate 11 + (-97 - -103) + (25 - 4).
38
Evaluate -107 + -83 + (-74 - -390).
126
Evaluate ((-14 - -18) + -26 - 13) + 16.
-19
What is the value of -44 + -10 + 15 + 18 + -3?
-24
Calculate -17 - 0 - (150 - (124 - -82)).
39
Evaluate (-13 - (53 + -54 - (119 + 1))) + 4.
112
Evaluate -48 + (-5 - -21) + -6 + 4.
-34
What is -1 + -6 - ((2 - (8 - 9)) + -53)?
43
What is the value of 8 - (48 + (-18 - -8 - -7))?
-37
-1 + 0 + (19 - 5) + (1284 - 1261)
36
Calculate 4 + -36 + 13 + -30.
-49
Calculate 123 + -85 + -39 - (-18 + 6 - (1 + -2)).
10
What is the value of 56 + -150 - -37 - (28 + 1)?
-86
What is the value of -2 + 3 + 49 + (5050 - 5027) + -13?
60
Evaluate 12 + -21 + 14 + 5 - -8.
18
-13 + 1 + (-318 - -330) + (-42 - -2) + 1
-39
Calculate (43 - -20 - 27) + 1.
37
What is 51 + -24 - (64 + -15 - 34)?
12
(-4 - -3) + 0 - (24 + -51 - -54)
-28
Evaluate (67 - (22 - -112)) + 139.
72
Calculate -19 - (2 + 3) - (47 + -9).
-62
What is the value of (41 - 12) + 24 + -83?
-30
Evaluate -63 + (10 - (-12 - -41) - -25).
-57
42 + 2 - (-46 + 58) - -46
78
Calculate 4 - 13 - (-19 - 1) - (-2 + 92 - 7).
-72
What is the value of -107 + 0 + 68 + 243 + -302?
-98
What is (-20 + -1 - (44 - 50)) + 2 + 0?
-13
Calculate (1612 - 1544) + (-43 - -1).
26
What is -17 + (-2 - -2) + (47 - 28)?
2
Calculate (3 + 0 - (-272 + 95 + 49)) + 12.
143
What is -36 + (41 - 27) + -15?
-37
Calculate -9 + (19 - 10 - 4 - 2).
-6
15 - (-9 - -14) - -2 - 13 - (107 + -2)
-106
-5 + 0 + 120 + 5 - (-66 - -66) - 15
105
What is the value of (5 + (18 - 17) - (-8 - -1)) + -21?
-8
What is 20 + (23 - -4 - (-71 + 90)) - -3?
31
What is the value of (-69 - 18) + 22 + 73?
8
Evaluate -4 + 1 - (-2910 + 2864).
43
What is the value of 95 - (-83 + 130 - 20)?
68
What is 66 + 30 + 9 + (3 - (10 + -4))?
102
Calculate 59 + -9 - (-373 - -388).
35
Calculate -2 + -2 + (0 + 12 - (-54 + (106 - 93))).
49
Evaluate -18 - (11 + -14) - 1 - 12.
-28
Evaluate 10 + -103 + 4 + (-17 + 10 - -8) + 3.
-85
What is the value of (8 - ((9 - (15 - 2) - -9) + -38)) + -3?
38
Evaluate -57 + (-16 - (-30 + 10)) + 3 + -1.
-51
-4 + (-2 - -1) + -19 + (125 - (-5 + 116))
-10
Calculate -9 + 20 + 228 + -253.
-14
Calculate (1 - (-2 - -12) - (-4 - 12)) + (-29 - -2).
-20
Calculate 32 - (-5 + (47 - 27) - 57).
74
What is the value of 14 + (-39 - -7 - 38) + (5 - -2)?
-49
Calculate -51 + 143 - (64 - 11).
39
Calculate -16 + -16 + 23 + (-18 - -5).
-22
What is the value of 46 - (5 + -8 + 6 + (-83 - -78))?
48
333 - 209 - (3 + 61)
60
Calculate -15 + 8 + (-4 - 55 - (-20 + (13 - 1))).
-58
-2 + 0 - -7 - (0 - -33) - (7 - 1)
-34
Evaluate (-2 - 2) + (30 - (-32 + 2)) + 11 + -4.
63
(10 - 2) + (23 - -16) + (-3 - 19)
25
Evaluate (-114 - (85 - 122)) + (4 - (-7 - -2)) + 0.
-68
Evaluate 4 + 28 - (-24 - (63 + -90)).
29
What is 12 + (3 - 23 - -4 - (-3 - 6)) + -84?
-79
Calculate -75 - (-3 - (-54 - -63 - (1 + -1))).
-63
What is -22 + -1494 + 1476 + 2 + 37?
-1
-42 + (11 + -20 + -5 - -18)
-38
W